- 1581. Let c be f(-9). What is the greatest common divisor of 1995 and c?
21
Let h be (58/(-4))/((-2)/12). Let c = h + -65. What is the greatest common divisor of 352 and c?
22
Let f be 4 + 0 + -3 + 107. Suppose 6*i - 300 = -5*o + i, 2*o + 5*i - f = 0. Suppose l = 3*l - o. Calculate the greatest common divisor of l and 4.
4
Let p be (-13)/((-39)/(-12)) + 4. Let o be -3 + -2*(-15)/6. Suppose -2*x = -5*a - p*x + 444, -84 = -a - o*x. What is the highest common factor of 8 and a?
8
Suppose 125640 = 24*i + 42*i + 27828. What is the greatest common divisor of 286 and i?
26
Suppose -53*m + 67140 = -75960. What is the greatest common factor of 200 and m?
100
Suppose 20*b + 6430 - 1650 = 0. Let v = b - -269. Let t = -8 - -20. What is the greatest common factor of t and v?
6
Let y be (-52)/(-39) - (30808/(-168) - (-2)/(-7)). What is the greatest common factor of 55 and y?
5
Let p = 432 + -237. What is the highest common divisor of 15 and p?
15
Let l be (-10307)/(-55) + (-12)/(-20) + -1. Let z = -118 - -129. Calculate the greatest common divisor of l and z.
11
Suppose 2*w = -319 - 97. Let f = w - -249. What is the highest common factor of f and 287?
41
Let i(n) = 10*n**3 + 21*n**2 + 14*n - 117. Let q be i(5). What is the highest common divisor of 1024 and q?
64
Let g = 24586 - 2986. Calculate the greatest common factor of 48 and g.
48
Let l be 2/6 - (-155)/3. Suppose 0 = 957*h - 15457 + 7801. What is the greatest common divisor of l and h?
4
Suppose -12*c + 7*c = 235. Let i = 164 + c. Suppose -5*q + 73 + i = 0. What is the greatest common divisor of 57 and q?
19
Let i = 107 + -17. Let d = 18 - 18. Suppose r = -d*r + 5*j + 33, 0 = 5*r - 2*j - 96. Calculate the highest common factor of r and i.
18
Suppose -62*y + 11497 + 8701 = -3362. Calculate the highest common factor of 1060 and y.
20
Let q be 1 - -689 - 14*13/182. Let d = q + -681. Calculate the greatest common divisor of d and 648.
8
Let o = -75 + 149. Let h(l) = -60*l - 13. Let m be h(-2). Let a = m - 70. What is the highest common divisor of a and o?
37
Let w(x) = -51*x + 101*x - 53*x + 0 - 5. Suppose 4*i + 2 = -10. Let h be w(i). What is the highest common factor of 28 and h?
4
Suppose -l = -36 + 361. Let g = l + 393. Calculate the greatest common factor of 102 and g.
34
Suppose 17*s = 9*s + 32. Suppose -93 = 4*l - 101. Suppose 2*w = 2*f + 140, -l*w + 34 + 100 = f. What is the greatest common factor of w and s?
4
Let m = -36013 - -36020. Let v be (44/(-12) + 4)*861. Calculate the highest common factor of v and m.
7
Suppose 0 = -3*s + 8 + 1. Suppose 184*q + 27 = -40 - 669. Let c be s/15 + (q - 159/(-5)). Calculate the greatest common divisor of c and 4.
4
Let d be 0 + -1 - (2 + -6). Suppose -37 = -3*u - t, -4*u + 21 + 11 = -d*t. Let v be (-10188)/(-132) - 2/u. Calculate the highest common divisor of v and 11.
11
Let c = -41 + 109. Suppose 0 = -5*w + 84 - 9. Suppose -238 = 8*q - w*q. Calculate the greatest common factor of c and q.
34
Suppose 6*b - 156930 - 313230 = 0. Let c be 1/3 - (b/9)/(-10). Calculate the highest common divisor of 67 and c.
67
Let p(t) = t**2 - 126*t + 3900. Let j be p(72). Calculate the highest common factor of 32 and j.
4
Let f = 13438 + -13399. Let d = -100 - -193. Suppose -2*v + 0*v - y + 47 = 0, 3*y + d = 3*v. Calculate the greatest common factor of f and v.
13
Let b = 68 - -172. Let v be -1 + (-11)/(-2 - -1). Let i be v/6 - 7225/(-255). What is the highest common divisor of b and i?
30
Let s = 108 + -52. Let u = s - 80. Let j be ((-75)/(-20))/((-1)/u). What is the greatest common factor of 10 and j?
10
Let j be ((-1134)/5)/((-114)/285). Calculate the highest common factor of j and 105.
21
Suppose 46*z = 48*z - 4*q - 12072, 4*z - q = 24137. Calculate the greatest common divisor of 14 and z.
14
Suppose 4*j + 27 = 2*f - 941, 5*f + 5*j = 2375. Let n = f + -288. Calculate the highest common factor of n and 20.
10
Let h(r) = -7*r - 96. Let z be h(-15). Let p(a) = -a + 7 + z + 4 - 2*a. Let y be p(-10). Calculate the greatest common divisor of y and 10.
10
Suppose 20376 = -60*d + 84*d. Calculate the highest common divisor of d and 3.
3
Suppose -y - 5453*o = -5456*o - 2652, -4*o = 5*y - 13374. Calculate the highest common factor of 360 and y.
30
Let o = 16204 + -16008. Calculate the highest common factor of o and 4753.
49
Suppose -3339 = -56*i + 8365. What is the greatest common divisor of 228 and i?
19
Let l be ((-45)/(-20))/(3/14)*984/574. Calculate the highest common divisor of l and 306.
18
Let v(l) = l**2 + 41*l - 914. Let g be v(-67). Calculate the highest common factor of g and 4761.
207
Let n be 1348/56*2 + ((-56)/(-98))/(-4). Calculate the highest common divisor of n and 3408.
48
Suppose 3*d - 143 = 241. Calculate the highest common factor of 3008 and d.
64
Let c(d) = -20 + 9*d + 0 - 10 + 0. Let x be c(5). Calculate the highest common divisor of 465 and x.
15
Let d = 88 - 55. Let r be 10533/d - (-8)/(-44). Suppose -4*m = -34 - 82. Calculate the greatest common divisor of r and m.
29
Let f = -29 + 53. Let h = 19 - f. Let x be 8*(700/(-5))/h. Calculate the greatest common divisor of 28 and x.
28
Suppose -58*c - 50*c + 2007 = -17001. What is the greatest common factor of 33 and c?
11
Let u = -18 + 66. Suppose -3*p + 42 = 3*c, -3*c = -p + 6*p - 78. Let l = -6 + p. Calculate the greatest common factor of u and l.
12
Let a be 17435*66/385 + (-32)/(-28). What is the highest common divisor of 26 and a?
26
Suppose 0*k - 4*k = -28. Suppose 3*i + 5*p - 25 = 0, 4*p = 4*i + i + 20. Let m be i/(-1) + 2 - (-10)/2. Calculate the greatest common factor of k and m.
7
Let y(f) = -12*f**2 + 31*f - 158. Let c be y(12). Let k = -898 - c. What is the highest common divisor of 176 and k?
88
Suppose 5*b = -4*z + 56, -52*b + 5*z = -49*b - 41. Suppose 5*p - 298 = 357. Suppose -4*x = -109 - p. Calculate the highest common factor of x and b.
12
Suppose 2*s + 2*v = 0, 5*v = -2*s + s. Suppose s*m - c + 692 = 2*m, -2 = -c. What is the greatest common factor of 15 and m?
15
Let l = -40588 + 41020. What is the highest common factor of 3807 and l?
27
Let c be (1 - (-2 - -1)) + -2. Suppose c = 8*n - 9*n + 37. Let h(o) = o**2 - 17*o - 323. Let f be h(31). What is the greatest common divisor of f and n?
37
Let y(c) = -62*c - 367. Let m be y(-6). Let j(q) = -4*q + 3. Suppose -4 = -5*v - 19. Let i be j(v). What is the greatest common factor of m and i?
5
Let b(p) = 68 + 76 - 7299*p - 38 + 7312*p. Let l be b(-4). Let w be (-3)/(-1*(-1)/(-27)). What is the greatest common divisor of w and l?
27
Let t(q) = 2*q**2 + 11*q + 13. Let z be t(-6). Suppose -22*j + z*j = -12. Let o = 6671 - 6655. Calculate the greatest common divisor of o and j.
4
Suppose 0 = 4*q + 3*m - 105, -4*q + 2*q + m + 55 = 0. Suppose 0 = 3*y - 5*f - 79, q*f = -3*y + 23*f + 34. What is the greatest common factor of y and 24?
6
Suppose 3614 = -5*s + 4214. What is the highest common factor of 45 and s?
15
Suppose 2*x - 47 = -4*t - t, -34 = -x + t. Suppose -30*m = -6001 + 1351. What is the greatest common divisor of m and x?
31
Let b = 11 - -19. Let n = b + 8. What is the highest common divisor of n and 190?
38
Let k = -97 + 79. Let r(l) = -l**2 - 16*l + 36. Let s be r(k). Suppose -43*a + 48*a - 75 = s. Calculate the greatest common divisor of a and 30.
15
Let l(c) = c**3 + 30*c**2 - 12*c + 9. Let g be l(-30). Suppose 2001 = 4*v + g. What is the highest common divisor of v and 17?
17
Let f(g) = g**2 - 58*g + 256. Let r be f(0). Let p be (18/15)/(15/400). What is the highest common factor of r and p?
32
Let n(o) = -2*o - 58. Let t be n(0). Let p be (29/(-4) + 5)/((-3)/136). Let y = p + t. Calculate the greatest common divisor of 44 and y.
44
Suppose 856*s - 853*s + 156 = 3*g, 0 = 3*g - 4*s - 163. What is the highest common factor of g and 240?
15
Suppose h + 97 = 2*u, 2*u + 105 - 204 = 3*h. Let p = 24 - -12. Calculate the greatest common factor of u and p.
12
Let n be 0 - -3 - (2 - 335). Let l = -9 + 51. Calculate the highest common divisor of l and n.
42
Let p(x) = -28*x**2 - 215*x - 1. Let g be p(-3). What is the greatest common factor of g and 20?
4
Let u = 4205 + -4119. Calculate the greatest common divisor of 3526 and u.
86
Let q(w) = 2*w**2 - 6*w + 9. Let j be q(3). Let i be 153/((-3)/(-12) - j/(-12)). What is the greatest common factor of 1